t a(u) = -1473*u + 5923. Calculate a(6).
-2915
Let z(t) = -2*t**3 + 66*t**2 - 2501. Determine z(0).
-2501
Let n(z) = -1884*z - 3688. What is n(-2)?
80
Let d(m) = m**2 - 377*m - 3154. Determine d(0).
-3154
Let a(o) = -7*o**2 + 143*o - 321. What is a(23)?
-735
Let x(l) = l**3 + 29*l**2 + 210*l + 120. Calculate x(-18).
-96
Let b(i) = i**2 - 4143*i + 127462. Give b(31).
-10
Let f(s) = 245910*s + 14016889. Give f(-57).
19
Let q(l) = -424*l - 123688. Calculate q(-293).
544
Let y(u) = -2*u**2 - 8*u + 291. Give y(14).
-213
Let p(o) = 2*o**3 + 1113*o**2 - 17139*o - 74. Calculate p(15).
16
Let m(a) = -661*a**2 - 2258*a + 36. What is m(-3)?
861
Let c(p) = 23*p**2 + 17*p - 158. Calculate c(-8).
1178
Let c(j) = -4574*j + 306652. Give c(67).
194
Let r(f) = 39*f**2 + 1557*f - 29466. Give r(14).
-24
Let a(d) = 10*d**2 - 729482*d - 729483. Give a(-1).
9
Let s(x) = -12*x**3 + 54*x**2 + 208*x + 155. Calculate s(-1).
13
Let i(s) = 8*s**2 + 521*s + 5433. Calculate i(-13).
12
Let p(l) = 69*l**2 - 1406*l + 2797. Calculate p(2).
261
Let v(l) = l**2 + 1380*l - 389. Calculate v(0).
-389
Let z(m) = -2*m**3 + 307*m**2 + 184472*m - 790. Give z(390).
-10
Let f(k) = -6185*k + 389726. Give f(63).
71
Let z(r) = -r**2 - 2476*r - 635791. What is z(-291)?
44
Let q(a) = -102450*a - 47639249. Give q(-465).
1
Let u(r) = 17933*r - 214871. Determine u(12).
325
Let a(x) = -368*x - 6309. Calculate a(-12).
-1893
Let b(u) = -46*u**2 - 1325*u + 153. Calculate b(-29).
-108
Let w(s) = 3588*s - 4158501. Determine w(1159).
-9
Let g(m) = -m**3 - 153*m**2 - 1422*m + 93. What is g(-10)?
13
Let n(k) = -11*k**2 + 110*k - 899. Determine n(8).
-723
Let i(n) = n**2 + 904*n - 237923. Determine i(213).
-2
Let p(o) = -o**2 - 376*o - 4094. Calculate p(-11).
-79
Let n(a) = -2*a**2 + 1316*a + 30068. Give n(-22).
148
Let g(r) = -r**3 + 315*r**2 + 2703*r - 754288. Determine g(316).
4
Let g(m) = m**3 + 199*m**2 + 8843*m - 92. Determine g(-67).
-25
Let q(t) = -51757*t - 621090. What is q(-12)?
-6
Let f(t) = 2*t**3 + 4*t**2 - 97*t + 32. Give f(-9).
-229
Let w(p) = -35*p**2 - 293*p - 560. Determine w(-3).
4
Let x(g) = -44218*g - 1149642. Calculate x(-26).
26
Let m(l) = 627*l**2 - 10016*l - 252. Calculate m(16).
4
Let p(r) = -59*r**2 + 6665*r + 513. Calculate p(113).
287
Let a(n) = -2*n**3 + 208*n**2 + 10*n - 1271. Calculate a(104).
-231
Let j(z) = 3*z**2 + 204*z + 3572. What is j(-25)?
347
Let d(q) = -13*q**3 + 6*q**2 - 215*q + 214. Determine d(1).
-8
Let p(v) = -556*v + 1915. What is p(-3)?
3583
Let w(p) = -4*p**2 - 332*p - 6690. Give w(-46).
118
Let t(n) = n**3 + 28*n**2 - 198*n - 4122. What is t(-30)?
18
Let i(s) = -855*s - 290714. Calculate i(-340).
-14
Let n(i) = 761*i - 13512. Give n(18).
186
Let m(p) = 1981*p - 10026. Calculate m(5).
-121
Let l(y) = -2548*y + 239524. Determine l(94).
12
Let a(q) = q**3 - 44*q**2 - 211*q - 86. Give a(-4).
-10
Let g(u) = -4*u**3 - 108*u**2 + 64*u - 1425. What is g(-28)?
-81
Let x(y) = 137*y**2 - 2059*y - 640. Give x(15).
-700
Let l(t) = 23892*t - 597389. Determine l(25).
-89
Let b(c) = 7*c**3 + 89*c**2 + 76*c - 4. What is b(-12)?
-196
Let w(c) = -c**3 - 76*c**2 + 5148*c + 3687. What is w(-119)?
-2
Let r(g) = 22*g**3 + 6*g**2 + 156*g - 486. Calculate r(3).
630
Let s(u) = 5280*u - 147594. What is s(28)?
246
Let m(k) = k**3 - 125*k**2 - 523*k + 1628. What is m(129)?
725
Let f(n) = -225*n + 54618. Determine f(241).
393
Let b(f) = 8*f**2 + 26806*f + 213942. Calculate b(-8).
6
Let u(c) = -27564*c**2 + 1323071*c + 49. What is u(48)?
1
Let b(k) = -11*k**2 - 147*k + 1955. What is b(12)?
-1393
Let f(i) = i**3 + 16*i**2 - 137*i + 64. Determine f(-25).
-2136
Let w(c) = 3*c**3 + 45*c**2 - 12*c + 13. Give w(-6).
1057
Let c(t) = -1532*t + 6469. What is c(4)?
341
Let z(j) = 144679*j + 289298. Calculate z(-2).
-60
Let y(i) = -882*i + 69. Calculate y(-1).
951
Let n(h) = 551*h + 72879. Give n(-132).
147
Let y(z) = z**3 - 193*z**2 + 98*z + 18044. Give y(192).
-4
Let j(d) = d**3 - 34*d**2 + 983*d - 24289. Calculate j(29).
13
Let b(t) = -10*t**2 + 113701*t - 227404. Give b(2).
-42
Let o(n) = -n**3 - 101*n**2 + 6854*n - 4249. Give o(46).
-17
Let l(i) = -626*i + 6119. Determine l(12).
-1393
Let v(b) = 393533*b + 8657719. Determine v(-22).
-7
Let p(n) = -73791*n + 368955. Determine p(5).
0
Let n(z) = z**2 - 5732*z - 178641. Determine n(-31).
12
Let c(j) = -36232*j + 108680. Calculate c(3).
-16
Let k(f) = -257*f**2 - 77*f + 153. What is k(2)?
-1029
Let i(k) = -14502*k - 188525. Give i(-13).
1
Let b(l) = 349*l + 26794. Give b(-77).
-79
Let q(v) = v**2 + 5922*v - 2261510. Calculate q(360).
10
Let c(r) = 3*r**2 + 353*r + 764. Calculate c(-121).
1974
Let f(a) = 17208*a + 90. What is f(0)?
90
Let k(y) = -3*y**3 + 17*y**2 + 290*y - 6. Determine k(-11).
2854
Let g(s) = -s**2 + 468*s - 5317. Give g(11).
-290
Let d(t) = -4*t**3 + 19125*t**2 + 307022*t - 28. Calculate d(-16).
4
Let f(v) = -2*v**3 + 274*v**2 + 3208*v - 439493. Give f(137).
3
Let t(c) = 3*c**3 - 11*c**2 - 37*c - 36. Determine t(6).
-6
Let k(u) = 158*u + 2751. Give k(-19).
-251
Let d(y) = -y**3 - 20*y**2 + 212*y + 12. Give d(-12).
-3684
Let r(q) = -q**2 - 2055*q + 42. Determine r(0).
42
Let n(x) = 34*x**3 + 474*x**2 - 32*x - 57. Calculate n(-14).
-1
Let w(b) = 2624*b - 18338. Give w(7).
30
Let r(j) = -5722*j - 429155. Calculate r(-75).
-5
Let c(n) = -17*n**3 - 2*n**2 - 73*n + 256. Determine c(3).
-440
Let z(d) = -19*d**3 - 228*d**2 + 5*d + 37. Calculate z(-12).
-23
Let q(t) = t**2 + 4660*t - 27997. What is q(6)?
-1
Let c(m) = 2369*m**2 + 78177*m + 46. What is c(-33)?
46
Let m(n) = -77*n**2 + 4623*n + 18482. Give m(-4).
-1242
Let b(f) = -3*f**3 + 2*f**2 - 951*f + 14. What is b(0)?
14
Let d(j) = j**3 + 24*j**2 - 1000*j - 22290. Determine d(-21).
33
Let d(y) = -y**3 + 13*y**2 - 153*y + 1892. Calculate d(13).
-97
Let y(f) = -145*f**3 - 7*f**2 - f + 5. Calculate y(-1).
144
Let n(s) = 15957*s + 542547. Give n(-34).
9
Let u(v) = 3*v**3 - 23*v**2 + 255*v - 2347. Give u(8).
-243
Let l(a) = -5*a**2 + 8609*a + 95308. Determine l(-11).
4
Let a(j) = -2852*j - 1537173. What is a(-539)?
55
Let o(m) = -m**2 - 360*m - 12986. Determine o(-39).
-467
Let s(j) = -32*j - 3331. Determine s(-76).
-899
Let u(p) = -p**2 + 83*p - 1119. Calculate u(33).
531
Let u(z) = 1027*z + 6062. What is u(-6)?
-100
Let y(m) = m**3 + 23*m**2 + 2*m - 829. What is y(-21)?
11
Let f(w) = w**3 - 37*w**2 + 234*w - 4194. What is f(34)?
294
Let f(b) = -b**3 + 137*b**2 - 205*b + 9442. Determine f(136).
58
Let n(h) = -h**3 + 16*h**2 + 3*h - 358. Determine n(0).
-358
Let f(k) = 7*k**2 + 218*k - 7290. Calculate f(-50).
-690
Let i(n) = -12*n**2 + 562*n + 19263. Determine i(-23).
-11
Let y(o) = 519*o + 2263. What is y(-4)?
187
Let l(a) = 1089*a**2 + 11874*a - 176. Calculate l(-11).
979
Let w(r) = -20*r - 1003. Give w(-51).
17
Let x(c) = 10*c**2 - 983*c - 11979. Determine x(-11).
44
Let q(j) = -j**3 + 2*j**2 + 117*j + 130. Determine q(-9).
-32
Let h(n) = 623160*n + 11840014. Calculate h(-19).
-26
Let k(v) = v**3 - 53*v**2 + 32*v + 5958. What is k(50)?
58
Let u(y) = -6*y**2 - 1224*y + 56857. Determine u(39).
-5
Let d(t) = -6*t**2 + 28313*t + 597215. What is d(-21)?
-4
Let u(s) = -14*s**2 - 421*s - 916. What is u(-28)?
-104
Let k(g) = -914*g - 5450. What is k(-6)?
34
Let s(r) = -354*r - 2833. What is s(-8)?
-1
Let b(k) = k**3 - 147*k**2 + 361*k - 10310. Give b(145).
-15
Let r(g) = 3436*g + 6889. Determine r(-2).
17
Let f(r) = 259*r + 17048. Determine f(-49).
4357
Let x(r) = 7*r**2 - 80*r - 195. Determine x(12).
-147
Let q(d) = d**2 - 57*d - 1400. Determine q(-38).
2210
Let p(n) = 2*n**2 + 220*n - 3517. What is p(16)?
515
Let a(c) = -24365*c - 219292. Determine a(-9).
-7
Let t(z) = -52488*z + 314480. Determine t(6).
-448
Let c(m) = -m**2 + 193*m - 7320. Determine c(55).
270
Let z(s) = 13*s - 2927. Give z(215).
-132
Let t(d) = -3*d**2 - 645*d + 7247. Calculate t(10).
497
Let c(x) = -22568*x + 33332939. Determine c(1477).
3
Let r(h) = -2*h**2 - 5333*h + 271688. Determine r(50).
38
Let h(t) = -t**3 + 15*t**2 + 1409*t - 604. Give h(-31).
-77
Let l(n) = -226*n - 1495. What is l(-10)?
765
Let j(t) = 216*t + 114. Calculate j(-2).
-318
Let u(x) = 8*x**2 + 2678*x + 120789. Calculate u(-281).
-41
Let s(b) = b**3 - 9*b**2 + 7*b - 1142. Calculate s(19).
2601
Let z(p) = -p**2 + 84*p - 145. Determine z(33).
1538
